{"id":1263,"date":"2024-05-15T09:05:43","date_gmt":"2024-05-15T10:05:43","guid":{"rendered":"https:\/\/lille-vtc-discover.fr\/?page_id=1263"},"modified":"2024-10-24T10:25:49","modified_gmt":"2024-10-24T11:25:49","slug":"les-conditions-generales-de-vente-cgv","status":"publish","type":"page","link":"https:\/\/allohabibvtc.fr\/?page_id=1263","title":{"rendered":"Les conditions g\u00e9n\u00e9rales de vente (CGV)"},"content":{"rendered":"\t\t<div data-elementor-type=\"wp-page\" data-elementor-id=\"1263\" class=\"elementor elementor-1263\">\n\t\t\t\t\t\t<section class=\"elementor-section elementor-top-section elementor-element elementor-element-6d0bc9430 elementor-section-boxed elementor-section-height-default elementor-section-height-default wpr-particle-no wpr-jarallax-no wpr-parallax-no wpr-sticky-section-no wpr-equal-height-no\" data-id=\"6d0bc9430\" data-element_type=\"section\" data-e-type=\"section\" data-settings=\"{&quot;background_background&quot;:&quot;classic&quot;}\">\n\t\t\t\t\t\t\t<div class=\"elementor-background-overlay\"><\/div>\n\t\t\t\t\t\t\t<div class=\"elementor-container elementor-column-gap-default\">\n\t\t\t\t\t<div class=\"elementor-column elementor-col-100 elementor-top-column elementor-element elementor-element-3bc91c6a\" data-id=\"3bc91c6a\" data-element_type=\"column\" data-e-type=\"column\">\n\t\t\t<div class=\"elementor-widget-wrap elementor-element-populated\">\n\t\t\t\t\t\t<div class=\"elementor-element elementor-element-34fa43b3 elementor-widget elementor-widget-heading\" data-id=\"34fa43b3\" data-element_type=\"widget\" data-e-type=\"widget\" data-widget_type=\"heading.default\">\n\t\t\t\t<div class=\"elementor-widget-container\">\n\t\t\t\t\t<h2 class=\"elementor-heading-title elementor-size-default\">conditions general<\/h2>\t\t\t\t<\/div>\n\t\t\t\t<\/div>\n\t\t\t\t\t<\/div>\n\t\t<\/div>\n\t\t\t\t\t<\/div>\n\t\t<\/section>\n\t\t\t\t<section class=\"elementor-section elementor-top-section elementor-element elementor-element-39045f65 elementor-section-boxed elementor-section-height-default elementor-section-height-default wpr-particle-no wpr-jarallax-no wpr-parallax-no wpr-sticky-section-no wpr-equal-height-no\" data-id=\"39045f65\" data-element_type=\"section\" data-e-type=\"section\">\n\t\t\t\t\t\t<div class=\"elementor-container elementor-column-gap-default\">\n\t\t\t\t\t<div class=\"elementor-column elementor-col-100 elementor-top-column elementor-element elementor-element-478a2f30\" data-id=\"478a2f30\" data-element_type=\"column\" data-e-type=\"column\">\n\t\t\t<div class=\"elementor-widget-wrap elementor-element-populated\">\n\t\t\t\t\t\t<div class=\"elementor-element elementor-element-2088e2b3 elementor-widget elementor-widget-heading\" data-id=\"2088e2b3\" data-element_type=\"widget\" data-e-type=\"widget\" data-widget_type=\"heading.default\">\n\t\t\t\t<div class=\"elementor-widget-container\">\n\t\t\t\t\t<h2 class=\"elementor-heading-title elementor-size-default\">Conditions g\u00e9n\u00e9rales de vente de Lille VTC Discover<\/h2>\t\t\t\t<\/div>\n\t\t\t\t<\/div>\n\t\t\t\t<div class=\"elementor-element elementor-element-4a485661 elementor-widget-divider--view-line elementor-widget elementor-widget-divider\" data-id=\"4a485661\" data-element_type=\"widget\" data-e-type=\"widget\" data-widget_type=\"divider.default\">\n\t\t\t\t<div class=\"elementor-widget-container\">\n\t\t\t\t\t\t\t<div class=\"elementor-divider\">\n\t\t\t<span class=\"elementor-divider-separator\">\n\t\t\t\t\t\t<\/span>\n\t\t<\/div>\n\t\t\t\t\t\t<\/div>\n\t\t\t\t<\/div>\n\t\t\t\t<div class=\"elementor-element elementor-element-52dad067 elementor-widget elementor-widget-text-editor\" data-id=\"52dad067\" data-element_type=\"widget\" data-e-type=\"widget\" data-widget_type=\"text-editor.default\">\n\t\t\t\t<div class=\"elementor-widget-container\">\n\t\t\t\t\t\t\t\t\t<div id=\"chat-history\" class=\"chat-history-scroll-container ng-tns-c737667714-1\"><div class=\"conversation-container ng-tns-c737667714-1 ng-star-inserted\"><div><div class=\"response-container ng-tns-c112216147-81 ng-star-inserted response-container-has-multiple-responses\"><div class=\"presented-response-container ng-tns-c112216147-81\"><div class=\"avatar-gutter ng-tns-c112216147-81 ng-star-inserted\">\u00a0<\/div><div class=\"response-container-content ng-tns-c112216147-81\"><div class=\"response-content ng-tns-c112216147-81\"><div class=\"markdown markdown-main-panel\" dir=\"ltr\"><h2 class=\"\" data-sourcepos=\"1:1-1:49\">conditions g\u00e9n\u00e9rales de vente (CGV)<\/h2><p data-sourcepos=\"3:1-3:65\"><strong>Conditions g\u00e9n\u00e9rales de vente deLille VTC Discover<\/strong><\/p><p data-sourcepos=\"5:1-5:13\"><strong>Pr\u00e9ambule<\/strong><\/p><p data-sourcepos=\"7:1-7:133\">Les pr\u00e9sentes conditions g\u00e9n\u00e9rales de vente (ci-apr\u00e8s les \u00ab\u00a0CGV\u00a0\u00bb) r\u00e9gissent la vente de produits ou services (ci-apr\u00e8s les \u00ab\u00a0Produits\u00a0\u00bb) propos\u00e9s sur le site internet<\/p><p data-sourcepos=\"7:1-7:133\"><strong>Article 1 &#8211; Objet<\/strong><\/p><p data-sourcepos=\"11:1-11:96\">Les CGV ont pour objet de d\u00e9finir les conditions juridiques et commerciales dans lesquelles le Vendeur propose et vend les Produits aux clients (ci-apr\u00e8s les \u00ab\u00a0Clients\u00a0\u00bb), ainsi que les droits et obligations des parties.<\/p><p data-sourcepos=\"13:1-13:35\"><strong>Article 2 &#8211; Acceptation des CGV<\/strong><\/p><p data-sourcepos=\"15:1-15:293\">La validation par le Client de sa commande implique l&rsquo;acceptation pleine et enti\u00e8re des pr\u00e9sentes CGV. Le Client d\u00e9clare avoir pris connaissance de l&rsquo;ensemble des informations portant sur les Produits et avoir accept\u00e9 les prix, les conditions et les d\u00e9lais de livraison mentionn\u00e9s sur le Site.<\/p><p data-sourcepos=\"17:1-17:10\"><strong>Article 3 &#8211; Produits<\/strong><\/p><p data-sourcepos=\"19:1-19:304\">Les Produits propos\u00e9s \u00e0 la vente sur le Site sont d\u00e9crits et pr\u00e9sent\u00e9s avec la plus grande exactitude possible. Toutefois, les images et les textes descriptifs des Produits ne sont pas contractuels. Le Vendeur se r\u00e9serve le droit de modifier les caract\u00e9ristiques des Produits \u00e0 tout moment, sans pr\u00e9avis.<\/p><p data-sourcepos=\"21:1-21:20\"><strong>Article 4 &#8211; Prix<\/strong><\/p><p data-sourcepos=\"23:1-23:289\">Les prix des Produits figurant sur le Site sont des prix TTC (Toutes Taxes Comprises) et tiennent compte de la TVA applicable au jour de la commande. Les prix des Produits ne comprennent pas les frais de livraison, qui sont factur\u00e9s en sus et pr\u00e9cis\u00e9s lors de la validation de la commande.<\/p><p data-sourcepos=\"25:1-25:24\"><strong>Article 5 &#8211; Commande<\/strong><\/p><p data-sourcepos=\"27:1-27:228\">Le Client peut passer sa commande sur le Site en suivant les diff\u00e9rentes \u00e9tapes du processus de commande. Le Client devra notamment renseigner ses coordonn\u00e9es personnelles, l&rsquo;adresse de livraison et le mode de paiement souhait\u00e9.<\/p><p data-sourcepos=\"29:1-29:59\">Le Vendeur confirmera la commande par courrier \u00e9lectronique dans un d\u00e9lai de 24 heures ouvrables suivant la validation de la commande par le Client. La commande ne sera consid\u00e9r\u00e9e comme d\u00e9finitive qu&rsquo;\u00e0 partir de l&rsquo;envoi de cette confirmation de commande par le Vendeur.<\/p><p data-sourcepos=\"37:1-37:24\"><strong>Article 7 &#8211; Paiement<\/strong><\/p><p data-sourcepos=\"39:1-39:157\">Le prix des Produits est payable par carte bancaire, par virement bancaire ou par ch\u00e8que. Le paiement est s\u00e9curis\u00e9 par un syst\u00e8me de paiement en ligne agr\u00e9\u00e9.<\/p><p data-sourcepos=\"41:1-41:131\">Le Vendeur ne sera consid\u00e9r\u00e9 comme livr\u00e9 qu&rsquo;\u00e0 partir du moment o\u00f9 le Client aura effectu\u00e9 le paiement int\u00e9gral du prix des Produits et des frais de livraison.<\/p><p data-sourcepos=\"43:1-43:37\"><strong>Article 8 &#8211; Droit de r\u00e9tractation<\/strong><\/p><p data-sourcepos=\"45:1-45:303\">Le Client dispose d&rsquo;un droit de r\u00e9tractation de 14 jours ouvrables \u00e0 compter du jour de la r\u00e9ception du Produit. Pour exercer son droit de r\u00e9tractation, le Client doit informer le Vendeur de sa d\u00e9cision de r\u00e9tractation par courrier \u00e9lectronique ou par courrier postal adress\u00e9 au si\u00e8ge social du Vendeur.<\/p><p data-sourcepos=\"47:1-47:191\">Le Client devra renvoyer le Produit au Vendeur dans un d\u00e9lai de 14 jours ouvrables \u00e0 compter de la notification de sa d\u00e9cision de r\u00e9tractation. Les frais de retour sont \u00e0 la charge du Client.<\/p><p data-sourcepos=\"49:1-49:222\">Le Vendeur remboursera au Client le prix des Produits et les frais de livraison dans un d\u00e9lai de 14 jours ouvrables \u00e0 compter de la r\u00e9ception du Produit retourn\u00e9 ou de la fourniture d&rsquo;une preuve de l&rsquo;exp\u00e9dition du Produit.<\/p><p data-sourcepos=\"57:1-57:41\"><strong>Propri\u00e9t\u00e9 intellectuelle<\/strong><\/p><p data-sourcepos=\"59:1-59:263\">Le Site et tous les \u00e9l\u00e9ments qui le composent (textes, images, vid\u00e9os, etc.) sont prot\u00e9g\u00e9s par le droit de la propri\u00e9t\u00e9 intellectuelle. Le Client ne peut en aucun cas reproduire, diffuser ou modifier ces \u00e9l\u00e9ments sans l&rsquo;autorisation \u00e9crite et pr\u00e9alable du Vendeur<\/p><\/div><div class=\"response-footer gap complete\">\u00a0<\/div><\/div><\/div><\/div><\/div><\/div><\/div><\/div><div class=\"bottom-container ng-tns-c737667714-1 ng-star-inserted\"><div class=\"input-area-container ng-tns-c737667714-1 ng-star-inserted\"><div class=\"input-area ng-tns-c1535490412-3 ng-trigger ng-trigger-inputAreaRevealAnimation\" data-node-type=\"input-area\"><div class=\"tooltip-content ng-tns-c1091596349-5\">\u00a0<\/div><p><button class=\"tooltip-button power-up-dismiss ng-tns-c1091596349-5 mdc-button mat-mdc-button mat-primary mat-mdc-button-base gmat-mdc-button\"><span class=\"mdc-button__label\">OK<\/span><\/button><\/p><div class=\"text-input-field ng-tns-c1535490412-3\"><div class=\"text-input-field_textarea-wrapper ng-tns-c1535490412-3\"><div class=\"text-input-field-main-area ng-tns-c1535490412-3\"><div class=\"text-input-field_textarea-inner ng-tns-c1535490412-3\"><div class=\"ql-editor textarea ql-blank\" role=\"textbox\" contenteditable=\"true\" data-gramm=\"false\" aria-multiline=\"true\" aria-label=\"Saisissez une requ\u00eate ici\" data-placeholder=\"Saisissez une requ\u00eate ici\">\u00a0<\/div><\/div><\/div><\/div><\/div><\/div><\/div><\/div>\t\t\t\t\t\t\t\t<\/div>\n\t\t\t\t<\/div>\n\t\t\t\t\t<\/div>\n\t\t<\/div>\n\t\t\t\t\t<\/div>\n\t\t<\/section>\n\t\t\t\t<\/div>\n\t\t","protected":false},"excerpt":{"rendered":"<p>conditions general Conditions g\u00e9n\u00e9rales de vente de Lille VTC Discover \u00a0 conditions g\u00e9n\u00e9rales de vente (CGV) Conditions g\u00e9n\u00e9rales de vente deLille VTC Discover Pr\u00e9ambule Les pr\u00e9sentes conditions g\u00e9n\u00e9rales de vente (ci-apr\u00e8s les \u00ab\u00a0CGV\u00a0\u00bb) r\u00e9gissent la vente de produits ou services (ci-apr\u00e8s les \u00ab\u00a0Produits\u00a0\u00bb) propos\u00e9s sur le site internet Article 1 &#8211; Objet Les CGV ont pour objet de d\u00e9finir les conditions juridiques et commerciales dans lesquelles le Vendeur propose et vend les Produits aux clients (ci-apr\u00e8s les \u00ab\u00a0Clients\u00a0\u00bb), ainsi que les droits et obligations des parties. Article 2 &#8211; Acceptation des CGV La validation par le Client de sa commande implique l&rsquo;acceptation pleine et enti\u00e8re des pr\u00e9sentes CGV. Le Client d\u00e9clare avoir pris connaissance de l&rsquo;ensemble des informations portant sur les Produits et avoir accept\u00e9 les prix, les conditions et les d\u00e9lais de livraison mentionn\u00e9s sur le Site. Article 3 &#8211; Produits Les Produits propos\u00e9s \u00e0 la vente sur le Site sont d\u00e9crits et pr\u00e9sent\u00e9s avec la plus grande exactitude possible. Toutefois, les images et les textes descriptifs des Produits ne sont pas contractuels. Le Vendeur se r\u00e9serve le droit de modifier les caract\u00e9ristiques des Produits \u00e0 tout moment, sans pr\u00e9avis. Article 4 &#8211; Prix Les prix des Produits figurant sur le Site sont des prix TTC (Toutes Taxes Comprises) et tiennent compte de la TVA applicable au jour de la commande. Les prix des Produits ne comprennent pas les frais de livraison, qui sont factur\u00e9s en sus et pr\u00e9cis\u00e9s lors de la validation de la commande. Article 5 &#8211; Commande Le Client peut passer sa commande sur le Site en suivant les diff\u00e9rentes \u00e9tapes du processus de commande. Le Client devra notamment renseigner ses coordonn\u00e9es personnelles, l&rsquo;adresse de livraison et le mode de paiement souhait\u00e9. Le Vendeur confirmera la commande par courrier \u00e9lectronique dans un d\u00e9lai de 24 heures ouvrables suivant la validation de la commande par le Client. La commande ne sera consid\u00e9r\u00e9e comme d\u00e9finitive qu&rsquo;\u00e0 partir de l&rsquo;envoi de cette confirmation de commande par le Vendeur. Article 7 &#8211; Paiement Le prix des Produits est payable par carte bancaire, par virement bancaire ou par ch\u00e8que. Le paiement est s\u00e9curis\u00e9 par un syst\u00e8me de paiement en ligne agr\u00e9\u00e9. Le Vendeur ne sera consid\u00e9r\u00e9 comme livr\u00e9 qu&rsquo;\u00e0 partir du moment o\u00f9 le Client aura effectu\u00e9 le paiement int\u00e9gral du prix des Produits et des frais de livraison. Article 8 &#8211; Droit de r\u00e9tractation Le Client dispose d&rsquo;un droit de r\u00e9tractation de 14 jours ouvrables \u00e0 compter du jour de la r\u00e9ception du Produit. Pour exercer son droit de r\u00e9tractation, le Client doit informer le Vendeur de sa d\u00e9cision de r\u00e9tractation par courrier \u00e9lectronique ou par courrier postal adress\u00e9 au si\u00e8ge social du Vendeur. Le Client devra renvoyer le Produit au Vendeur dans un d\u00e9lai de 14 jours ouvrables \u00e0 compter de la notification de sa d\u00e9cision de r\u00e9tractation. Les frais de retour sont \u00e0 la charge du Client. Le Vendeur remboursera au Client le prix des Produits et les frais de livraison dans un d\u00e9lai de 14 jours ouvrables \u00e0 compter de la r\u00e9ception du Produit retourn\u00e9 ou de la fourniture d&rsquo;une preuve de l&rsquo;exp\u00e9dition du Produit. Propri\u00e9t\u00e9 intellectuelle Le Site et tous les \u00e9l\u00e9ments qui le composent (textes, images, vid\u00e9os, etc.) sont prot\u00e9g\u00e9s par le droit de la propri\u00e9t\u00e9 intellectuelle. Le Client ne peut en aucun cas reproduire, diffuser ou modifier ces \u00e9l\u00e9ments sans l&rsquo;autorisation \u00e9crite et pr\u00e9alable du Vendeur \u00a0\u00a0 OK \u00a0<\/p>\n","protected":false},"author":1,"featured_media":0,"parent":0,"menu_order":0,"comment_status":"closed","ping_status":"closed","template":"","meta":{"footnotes":""},"class_list":["post-1263","page","type-page","status-publish","hentry"],"yoast_head":"<!-- This site is optimized with the Yoast SEO plugin v27.4 - https:\/\/yoast.com\/product\/yoast-seo-wordpress\/ -->\n<title>Les conditions g\u00e9n\u00e9rales de vente (CGV) - Habib VTC<\/title>\n<meta name=\"description\" content=\"Les conditions g\u00e9n\u00e9rales de vente (CGV) Habib VTC\" \/>\n<meta name=\"robots\" content=\"index, follow, max-snippet:-1, max-image-preview:large, max-video-preview:-1\" \/>\n<link rel=\"canonical\" href=\"https:\/\/allohabibvtc.fr\/?page_id=1263\" \/>\n<meta property=\"og:locale\" content=\"fr_FR\" \/>\n<meta property=\"og:type\" content=\"article\" \/>\n<meta property=\"og:title\" content=\"Les conditions g\u00e9n\u00e9rales de vente (CGV) - Habib VTC\" \/>\n<meta property=\"og:description\" content=\"Les conditions g\u00e9n\u00e9rales de vente (CGV) Habib VTC\" \/>\n<meta property=\"og:url\" content=\"https:\/\/allohabibvtc.fr\/?page_id=1263\" \/>\n<meta property=\"og:site_name\" content=\"Habib VTC\" \/>\n<meta property=\"article:modified_time\" content=\"2024-10-24T11:25:49+00:00\" \/>\n<meta name=\"twitter:card\" content=\"summary_large_image\" \/>\n<meta name=\"twitter:label1\" content=\"Dur\u00e9e de lecture estim\u00e9e\" \/>\n\t<meta name=\"twitter:data1\" content=\"3 minutes\" \/>\n<script type=\"application\/ld+json\" class=\"yoast-schema-graph\">{\"@context\":\"https:\\\/\\\/schema.org\",\"@graph\":[{\"@type\":\"WebPage\",\"@id\":\"https:\\\/\\\/allohabibvtc.fr\\\/?page_id=1263\",\"url\":\"https:\\\/\\\/allohabibvtc.fr\\\/?page_id=1263\",\"name\":\"Les conditions g\u00e9n\u00e9rales de vente (CGV) - Habib VTC\",\"isPartOf\":{\"@id\":\"https:\\\/\\\/allohabibvtc.fr\\\/#website\"},\"datePublished\":\"2024-05-15T10:05:43+00:00\",\"dateModified\":\"2024-10-24T11:25:49+00:00\",\"description\":\"Les conditions g\u00e9n\u00e9rales de vente (CGV) Habib VTC\",\"breadcrumb\":{\"@id\":\"https:\\\/\\\/allohabibvtc.fr\\\/?page_id=1263#breadcrumb\"},\"inLanguage\":\"fr-FR\",\"potentialAction\":[{\"@type\":\"ReadAction\",\"target\":[\"https:\\\/\\\/allohabibvtc.fr\\\/?page_id=1263\"]}]},{\"@type\":\"BreadcrumbList\",\"@id\":\"https:\\\/\\\/allohabibvtc.fr\\\/?page_id=1263#breadcrumb\",\"itemListElement\":[{\"@type\":\"ListItem\",\"position\":1,\"name\":\"Accueil\",\"item\":\"https:\\\/\\\/allohabibvtc.fr\\\/\"},{\"@type\":\"ListItem\",\"position\":2,\"name\":\"Les conditions g\u00e9n\u00e9rales de vente (CGV)\"}]},{\"@type\":\"WebSite\",\"@id\":\"https:\\\/\\\/allohabibvtc.fr\\\/#website\",\"url\":\"https:\\\/\\\/allohabibvtc.fr\\\/\",\"name\":\"lille discover\",\"description\":\"Habib VTC, votre chauffeur personnel \u00e0 Lille\",\"publisher\":{\"@id\":\"https:\\\/\\\/allohabibvtc.fr\\\/#organization\"},\"alternateName\":\"Lille VTC\",\"potentialAction\":[{\"@type\":\"SearchAction\",\"target\":{\"@type\":\"EntryPoint\",\"urlTemplate\":\"https:\\\/\\\/allohabibvtc.fr\\\/?s={search_term_string}\"},\"query-input\":{\"@type\":\"PropertyValueSpecification\",\"valueRequired\":true,\"valueName\":\"search_term_string\"}}],\"inLanguage\":\"fr-FR\"},{\"@type\":\"Organization\",\"@id\":\"https:\\\/\\\/allohabibvtc.fr\\\/#organization\",\"name\":\"lille discover\",\"alternateName\":\"Lille VTC\",\"url\":\"https:\\\/\\\/allohabibvtc.fr\\\/\",\"logo\":{\"@type\":\"ImageObject\",\"inLanguage\":\"fr-FR\",\"@id\":\"https:\\\/\\\/allohabibvtc.fr\\\/#\\\/schema\\\/logo\\\/image\\\/\",\"url\":\"\",\"contentUrl\":\"\",\"caption\":\"lille discover\"},\"image\":{\"@id\":\"https:\\\/\\\/allohabibvtc.fr\\\/#\\\/schema\\\/logo\\\/image\\\/\"}}]}<\/script>\n<!-- \/ Yoast SEO plugin. -->","yoast_head_json":{"title":"Les conditions g\u00e9n\u00e9rales de vente (CGV) - Habib VTC","description":"Les conditions g\u00e9n\u00e9rales de vente (CGV) Habib VTC","robots":{"index":"index","follow":"follow","max-snippet":"max-snippet:-1","max-image-preview":"max-image-preview:large","max-video-preview":"max-video-preview:-1"},"canonical":"https:\/\/allohabibvtc.fr\/?page_id=1263","og_locale":"fr_FR","og_type":"article","og_title":"Les conditions g\u00e9n\u00e9rales de vente (CGV) - Habib VTC","og_description":"Les conditions g\u00e9n\u00e9rales de vente (CGV) Habib VTC","og_url":"https:\/\/allohabibvtc.fr\/?page_id=1263","og_site_name":"Habib VTC","article_modified_time":"2024-10-24T11:25:49+00:00","twitter_card":"summary_large_image","twitter_misc":{"Dur\u00e9e de lecture estim\u00e9e":"3 minutes"},"schema":{"@context":"https:\/\/schema.org","@graph":[{"@type":"WebPage","@id":"https:\/\/allohabibvtc.fr\/?page_id=1263","url":"https:\/\/allohabibvtc.fr\/?page_id=1263","name":"Les conditions g\u00e9n\u00e9rales de vente (CGV) - Habib VTC","isPartOf":{"@id":"https:\/\/allohabibvtc.fr\/#website"},"datePublished":"2024-05-15T10:05:43+00:00","dateModified":"2024-10-24T11:25:49+00:00","description":"Les conditions g\u00e9n\u00e9rales de vente (CGV) Habib VTC","breadcrumb":{"@id":"https:\/\/allohabibvtc.fr\/?page_id=1263#breadcrumb"},"inLanguage":"fr-FR","potentialAction":[{"@type":"ReadAction","target":["https:\/\/allohabibvtc.fr\/?page_id=1263"]}]},{"@type":"BreadcrumbList","@id":"https:\/\/allohabibvtc.fr\/?page_id=1263#breadcrumb","itemListElement":[{"@type":"ListItem","position":1,"name":"Accueil","item":"https:\/\/allohabibvtc.fr\/"},{"@type":"ListItem","position":2,"name":"Les conditions g\u00e9n\u00e9rales de vente (CGV)"}]},{"@type":"WebSite","@id":"https:\/\/allohabibvtc.fr\/#website","url":"https:\/\/allohabibvtc.fr\/","name":"lille discover","description":"Habib VTC, votre chauffeur personnel \u00e0 Lille","publisher":{"@id":"https:\/\/allohabibvtc.fr\/#organization"},"alternateName":"Lille VTC","potentialAction":[{"@type":"SearchAction","target":{"@type":"EntryPoint","urlTemplate":"https:\/\/allohabibvtc.fr\/?s={search_term_string}"},"query-input":{"@type":"PropertyValueSpecification","valueRequired":true,"valueName":"search_term_string"}}],"inLanguage":"fr-FR"},{"@type":"Organization","@id":"https:\/\/allohabibvtc.fr\/#organization","name":"lille discover","alternateName":"Lille VTC","url":"https:\/\/allohabibvtc.fr\/","logo":{"@type":"ImageObject","inLanguage":"fr-FR","@id":"https:\/\/allohabibvtc.fr\/#\/schema\/logo\/image\/","url":"","contentUrl":"","caption":"lille discover"},"image":{"@id":"https:\/\/allohabibvtc.fr\/#\/schema\/logo\/image\/"}}]}},"_links":{"self":[{"href":"https:\/\/allohabibvtc.fr\/index.php?rest_route=\/wp\/v2\/pages\/1263","targetHints":{"allow":["GET"]}}],"collection":[{"href":"https:\/\/allohabibvtc.fr\/index.php?rest_route=\/wp\/v2\/pages"}],"about":[{"href":"https:\/\/allohabibvtc.fr\/index.php?rest_route=\/wp\/v2\/types\/page"}],"author":[{"embeddable":true,"href":"https:\/\/allohabibvtc.fr\/index.php?rest_route=\/wp\/v2\/users\/1"}],"replies":[{"embeddable":true,"href":"https:\/\/allohabibvtc.fr\/index.php?rest_route=%2Fwp%2Fv2%2Fcomments&post=1263"}],"version-history":[{"count":0,"href":"https:\/\/allohabibvtc.fr\/index.php?rest_route=\/wp\/v2\/pages\/1263\/revisions"}],"wp:attachment":[{"href":"https:\/\/allohabibvtc.fr\/index.php?rest_route=%2Fwp%2Fv2%2Fmedia&parent=1263"}],"curies":[{"name":"wp","href":"https:\/\/api.w.org\/{rel}","templated":true}]}}